t the prime factors of v.
2, 311
Let c be ((30/(-4))/5 + 1)*-10. Suppose 20 = 8*a - 12*a, 0 = 5*r - c*a - 820. List the prime factors of r.
3, 53
Suppose -8*u + 873 = u. Suppose -95 = -3*t + u. List the prime factors of t.
2
Let f(j) = -j. Let t be f(-6). Let q be (-12)/8*(-280)/t. What are the prime factors of q/21*(-9)/(-2)?
3, 5
Suppose 3*l = 5*l + 32. What are the prime factors of (1/(l/676))/(1/(-4))?
13
Suppose 0 = 5*m + 3*y - 292, -2*y - y = 3*m - 180. List the prime factors of m.
2, 7
Let o = 1844 + 3416. What are the prime factors of o?
2, 5, 263
Let d be ((-5)/(-15)*-3)/(1/(-11)). Let r = d - -1. List the prime factors of r.
2, 3
Let v be (-4)/6*(10 - 13). Suppose 3*r - v = -3*u + 1, 5*r = 5*u - 25. Suppose -2*x = 5*p - 180, -4*p - u*x + 180 = p. List the prime factors of p.
2, 3
Suppose -3*z + j + 15 = z, 0 = -2*j + 10. Let n(k) be the third derivative of k**4/6 - 7*k**3/6 - 29*k**2. What are the prime factors of n(z)?
13
Suppose 0 = -2*u - 2*l + 38 + 16, -27 = -u + 5*l. Let x = 49 - u. Suppose -2*v + x = 3*a, -3*v = -0*v + 3*a - 39. List the prime factors of v.
17
Suppose -2*d + 9 = 3. Suppose -3*z = 2*f - 6*f - 2, 2*z = -d*f + 7. Suppose z*o + 0 - 49 = -5*v, -5*v - 105 = -5*o. List the prime factors of o.
2, 11
Suppose -17*n + 7859 = 12*n. What are the prime factors of n?
271
Let c(l) = -l**3 + 8*l**2 + 12*l - 5. Let y = 21 - 14. Let w = 2 + y. What are the prime factors of c(w)?
2, 11
Let r(b) = 526*b**2 - 15*b + 10. List the prime factors of r(1).
521
Suppose 3*d + 9 = -3, 2*q - 3784 = -4*d. What are the prime factors of q?
2, 5, 19
Suppose 31 = -2*p + 551. Let h be 4/(-6) - p/15. Let y = 21 + h. List the prime factors of y.
3
Let x(b) = -b**2 + 30*b + 55. Let z be x(-2). Let s be (0 + 118)*(-1)/(-2). What are the prime factors of s + z/((-36)/(-8))?
3, 19
List the prime factors of 76482/(-105)*10/(-6).
2, 607
Let x = 49 - -19. Suppose -k + 9 = -j + 2*k, 0 = 2*j + k - 3. Suppose 0 = -2*d - j*d + x. List the prime factors of d.
2, 17
Let j(b) = -b**3 - 7*b**2 + 6*b + 8. Let i be j(-9). Let z = i - 58. What are the prime factors of z?
2, 29
Let s = 4 + -10. Let m be 3/18 - 113/s. Suppose 5*f = m - 4. List the prime factors of f.
3
Suppose -2*k = 5*z - 1789, 0 = 6*k - k - 4*z - 4555. List the prime factors of k.
907
Suppose 3*z - 104 = 22. Let c = 97 - z. List the prime factors of c.
5, 11
Suppose 0 = -3*k + 6*k - 12. Suppose -76 = -8*w + k*w. Suppose -10 = d - w. List the prime factors of d.
3
Let u = 29 - -2053. What are the prime factors of u?
2, 3, 347
Let n(b) = 13*b + 58. Let y(s) = 39*s + 172. Let g(f) = -17*n(f) + 6*y(f). What are the prime factors of g(9)?
163
Let u = 12 + -9. Suppose -2*n = -o + u*n - 1, -3*o + 3*n = -45. List the prime factors of o.
19
Let m(b) = -46*b**2 + 2*b + 2. Let o be m(-1). Let n = o - -80. What are the prime factors of n?
2, 17
Let u = 87 + -62. Suppose 0 = -u*h + 29*h - 40. What are the prime factors of h?
2, 5
Let n(b) = 14*b**3 - 18*b**2 + 12*b - 3. List the prime factors of n(6).
3, 5, 163
Let u(x) = -3*x + 7. Suppose 14 + 1 = 3*i. Let l be u(i). Let q(n) = -n**3 - 8*n**2 - 2*n + 5. List the prime factors of q(l).
3, 7
Suppose -3*u - 124 = -4*p, 2*p - 3*u = -p + 93. Suppose 3*d - 134 = p. List the prime factors of d.
5, 11
Suppose -1 = -z + 2. Suppose 5*f = -4*t + f + 28, 0 = z*t - f - 13. Suppose 5*a - 43 - 101 = 2*s, 5*s = -t*a + 130. List the prime factors of a.
2, 7
Let v = 5 + -1. Suppose -v*s + 117 = 2*q + 47, -3*s = -3*q + 150. What are the prime factors of q?
3, 5
Let s(o) = -17*o. Suppose -x - 3*x = 12. List the prime factors of s(x).
3, 17
Suppose w + 24 = -4. Suppose -5*a + 310 = -5*g + 50, -g + 107 = 2*a. Let t = a + w. List the prime factors of t.
5
Suppose -5*r - 15 = 20. List the prime factors of -1*(-2)/4*(27 + r).
2, 5
Suppose b - 3484 = -2*a, b - 3484 = a + a. What are the prime factors of b?
2, 13, 67
Let o(d) be the first derivative of d**4/4 + 8*d**3/3 + 3*d**2/2 + 9*d - 38. What are the prime factors of o(-7)?
37
Let r be 37/7 + (-14)/49. Suppose -r*u = 5*d - 80, -d + 4*u - 32 = -3*d. Let g = 38 - d. List the prime factors of g.
2, 11
Suppose -j - 593 = -2*x, -3*x + 892 = -3*j + j. Suppose 0 = -2*a - a + x. List the prime factors of a.
2, 7
Let f = 2493 + -1037. Suppose -55*u + f = -47*u. What are the prime factors of u?
2, 7, 13
Let x be (3234/35)/(-7)*(-1 - 9). Suppose -v + 13*v = x. List the prime factors of v.
11
Let c be (20/(-7 - -3))/(1 - 2). Suppose -z = -c*z + 472. List the prime factors of z.
2, 59
Let a(y) = -5*y + 2. Let d be a(-2). Let x be ((-6)/9)/((-2)/d). Suppose r = 21 - x. What are the prime factors of r?
17
Suppose 2*w = 5*v + 9807, 2*w + 0*w - 3*v - 9797 = 0. What are the prime factors of w?
67, 73
Suppose 0 = 12*b + 1337 - 5561. What are the prime factors of b?
2, 11
Let z = 3953 + -1977. List the prime factors of z.
2, 13, 19
Suppose 5*s - s = 0. Suppose -70 = -5*z + 4*h, -5*h - 77 = -5*z - 2. Let m = z - s. List the prime factors of m.
2, 5
Suppose -5*t - 2 = 8. Let m be (-1)/(1/t*-1). What are the prime factors of (m/(-3))/((-30)/(-765))?
17
Let a be -45 + 1 + 3 - 4. What are the prime factors of 3/(-4) + a/(-12) + 12?
3, 5
List the prime factors of (-36)/(-468) + (-1481)/(-13).
2, 3, 19
Suppose 4*p = 12*p - 7112. List the prime factors of p.
7, 127
Suppose -49*c = -44*c - 15. Let q(m) = 3*m**3 + 4*m**2 - 3*m + 1. List the prime factors of q(c).
109
Let t be (-4)/14 + (-144)/(-63). Suppose 5*n + 209 = 3*m, -141 + 49 = t*n - 4*m. What are the prime factors of 2/5 - 504/n?
13
Let r(g) = -24*g**3 - 8*g**2 - 33*g + 3. List the prime factors of r(-3).
2, 3, 113
Suppose 2*k - 1 = -7. Let r = 21 + k. What are the prime factors of r?
2, 3
What are the prime factors of (-1 + 3 - 1432)*(-2 - -1)?
2, 5, 11, 13
Suppose 2*m = -4*h + m - 115, 4*h + 4*m + 100 = 0. List the prime factors of (-72)/(-6 + -2)*h/(-2).
3, 5
Suppose -7*s + 4*s + 171 = -5*h, 3*s + h = 171. Suppose -g - 2*n - s + 154 = 0, 82 = g - 3*n. What are the prime factors of g?
7, 13
Let m(z) = 1. Let f(r) = 3*r + 2. Let w(y) = f(y) - 3*m(y). Let h be (60/8)/(-5)*-4. What are the prime factors of w(h)?
17
Suppose 79 = 2*g - 4*g + 3*c, 4*g = -5*c - 147. Let q(d) = 15*d**3 - 2*d**2 - 3. Let z be q(2). Let k = g + z. List the prime factors of k.
71
Suppose -2*q - 16 = 2*q. Let t(a) = 5*a**2 + 8*a - 4. Let u(z) = 2*z**2 + 1. Let h(p) = t(p) - u(p). What are the prime factors of h(q)?
11
Let j(b) = 28*b + 115. Let v(f) = 9*f + 38. Let n(k) = 2*j(k) - 7*v(k). List the prime factors of n(-7).
13
Suppose -1752*g - 15120 = -1758*g. What are the prime factors of g?
2, 3, 5, 7
Let c = 17 + -28. Let k(d) be the first derivative of -d**2/2 - d - 35. What are the prime factors of k(c)?
2, 5
Let a(u) = -u**3 - 6*u**2 + 4*u - 4. Suppose 0 = k - 2 - 3. Suppose -y + 28 = -k*y. List the prime factors of a(y).
17
List the prime factors of -4 + (3/(-12) - (-27870)/24).
13, 89
Suppose -h - 2*z = -5*z - 465, 4*h + z - 1795 = 0. List the prime factors of h.
2, 3, 5
What are the prime factors of ((-2)/5)/((-6)/15420*2)?
2, 257
Let d = -5 + 5. Let a be 5/5 + (-10 - d). Let g(p) = -p - 6. List the prime factors of g(a).
3
Suppose 11 - 7 = -4*u. Let t be 1/u - 1 - -332. List the prime factors of (t/(-18))/(1/(-3)).
5, 11
What are the prime factors of (-4 + 1 - -1)*(-378)/4?
3, 7
Let s = 23 - 13. Suppose 4*h + 2*v - 10 = 0, h + v - s = -2*h. Suppose -h*z = 8 - 28. What are the prime factors of z?
2
Let j(w) = 2*w**2 + 33*w - 26. List the prime factors of j(12).
2, 7, 47
Suppose 0 = -0*u - 2*u + 216. Let i = u + 10. List the prime factors of i.
2, 59
Suppose -2*s - g = -4*s - 3058, 4*g - 6112 = 4*s. Let k be 24/(-10)*s/27. Let d = k + -75. List the prime factors of d.
61
Let l be 3 - (2 + -1 - -2). Suppose -5*w - 5*g + 525 = l, w + 2*g + 3*g = 89. What are the prime factors of w?
109
Suppose 5*z + v = 4*v - 179, 4*z + 4*v + 156 = 0. Let a = 75 + z. What are the prime factors of a?
2, 19
Suppose 0 = 9*a - 13*a - 4. List the prime factors of 5 + -4 + (0/a - -123).
2, 31
Let h = -252 + 857. What are the prime factors of h?
5, 11
Let x = 8 - 4. Let i be (0 + -8)*(-1 + 0). List the prime factors of x/2*196/i.
7
Suppose -75 = 5*c - 6*c. What are the prime factors of (c/60)/(2/88)?
5, 11
Let w be (-133)/(3/(-6)*2). Let p = -53